 2*l + 5*q - 22. Determine k(l).
4
Suppose -2*m - 6 = -2*x, -2*m - 3*m - x = -15. Suppose 8 = -2*l + m. Let j(z) = -z**3 - 3*z**2 - z + 3. Give j(l).
6
Let i(z) = z**2 - z - 1. Let w be ((-2)/(-1))/((-16)/(-40)). Suppose -3*r - f - 25 = 0, w*r + 0*f + 4*f + 44 = 0. Let h = 7 + r. Give i(h).
1
Let o(a) = -4*a + 5. Let m(l) = 7*l - 5. Let p(d) = -2*m(d) - 3*o(d). Calculate p(0).
-5
Suppose -2*f = -5*v - 19, -6*v - 5*f - 5 = -v. Let a(l) = -62 + 62 - l**2 - 3*l. Let t be a(v). Let g(h) = h**2 + 1. Give g(t).
1
Suppose 0 = 5*r - 3*r - 2*i - 16, 3*r = 4*i + 25. Let o(u) = u. Give o(r).
7
Suppose 3 = 7*r - 10*r. Let t(o) be the first derivative of -o**6/30 + o**4/24 - 3*o**3 + 2. Let d(g) be the third derivative of t(g). What is d(r)?
-11
Let j(i) = 4*i + 2. Let x(d) = d. Let f(y) = j(y) - 6*x(y). Suppose -u - 5*q - 150 = 0, -u + 5*q = 3*u + 600. Let n = 157 + u. What is f(n)?
-12
Suppose -5*l = -2*a + 12, l + l = -5*a - 28. Let k(c) be the third derivative of -c**6/120 - c**5/20 + c**4/6 + 2*c**3/3 + 21*c**2. Calculate k(a).
4
Let m(x) be the third derivative of -1/24*x**4 - 10*x**2 + 0 - 17/6*x**3 + 0*x. Calculate m(0).
-17
Suppose r - 5*s + 25 = 5*r, -5*r - 5*s = -30. Let o be (-10 + 9)/(4/r - 1). Let p(m) = -4 - 3*m**2 + 2*m**2 + 4*m + 0*m**2. Determine p(o).
-9
Let v(s) be the third derivative of s**5/60 + s**4/12 + 2*s**3/3 - 59*s**2. Give v(-6).
28
Let q(n) = 2*n - 1. Let b(t) = 20*t - 2. Let h = 107 - 108. Let r(v) = h*b(v) + 6*q(v). Determine r(-4).
28
Let u(n) = 2*n**3 - 2*n. Let o(m) = m**2 + 2*m - 4. Let j be o(-4). Suppose 5*p - f - 20 = -3*f, j*p = 5*f - 17. Suppose 13*k - p = 14*k. Give u(k).
-12
Let c(t) be the third derivative of t**6/120 + t**5/30 - t**3/3 + 5*t**2. Let x be (-11)/((-11)/3) + -1. Determine c(x).
14
Let g(s) = -s**3 - 9*s**2 - 13*s + 10. Let u be g(-7). Let j(t) = -4 + u*t + 0 + 5. Determine j(1).
4
Let d = 156 - 150. Let k(b) = -16*b**3 + 35*b**2 - 35*b + 56. Let l(a) = -3*a**3 + 7*a**2 - 7*a + 11. Let x(c) = -2*k(c) + 11*l(c). What is x(d)?
3
Let i(s) = 9*s. Let q(z) = 15*z + 2. Let u be q(1). Let y = 16 - u. Give i(y).
-9
Let r(f) = -f**2. Let g(p) = p**2 - 8*p - 10. Let v(m) = -g(m) - 2*r(m). Suppose -89*u + 249 - 872 = 0. Determine v(u).
3
Let n(i) = 2*i - 5*i**2 + 39 - 72 + 34. Let o = 6 - 3. Suppose o*f - 2*f + 1 = 0. Determine n(f).
-6
Let y(v) = 10*v + 7. Let l(j) = 9*j + 6. Let x(u) = 5*l(u) - 4*y(u). Let p(w) = -11*w + 19. Let n be p(2). Determine x(n).
-13
Let h(d) = 7*d + 2. Let t(o) = 69*o + 21. Let f(b) = 21*h(b) - 2*t(b). Let k be (-10)/(-14) - 6/(-21). Determine f(k).
9
Let t(b) be the first derivative of -b**4/4 - 2*b**3/3 - b**2 - b + 8. Let c be t(-2). Let x(q) = -3*q**3 - 12*q**c + 18*q - 17*q. Give x(-1).
14
Let q(d) = d**3 - 7*d**2 - 6*d - 11. Suppose -3*k - 24 = -5*k + 2*h, h = -3*k + 20. Determine q(k).
5
Let b(d) = 3 - 5 + 8*d + 5. Let t(x) = -7*x - 3. Suppose 3 - 17 = 2*a. Let z(u) = a*t(u) - 6*b(u). What is z(-6)?
-3
Let a(m) = -3*m - 11. Let o be (-8)/(-14)*(34/(-4) - -5). Calculate a(o).
-5
Let c(l) be the first derivative of l**3/3 + 7*l**2/2 - 7*l + 1. Let x = 981 + -987. Give c(x).
-13
Let o(c) = 11*c - 12*c - 2 + 4. Suppose 12 = -4*i - p - 12, 3*i + 3*p = -9. Determine o(i).
9
Let t(x) = -x**3 - 7*x**2 - 8*x - 9. Suppose -18 = -2*i + 4*q, 2*q - 4*q = 5*i - 9. Suppose i*s + 4*u + 34 = 0, -3*s + u = 2*u + 40. Let z = s - -8. Give t(z).
3
Let d(x) be the first derivative of -x - 8 - 11/2*x**2. What is d(-1)?
10
Suppose 5 - 2 = 4*k + 3*c, 2*c = -3*k + 1. Let v(m) = -7*m - 18. Let w be v(k). Let b(o) = 1 + 2*o**3 + 2 + o**2 + 3*o - 3*o**3. Calculate b(w).
-6
Suppose 0 = 2*p + 4, 2*x + 9 = -3*p + 11. Suppose 13*z = x*z + 45. Let k(j) = 0 + 2 + j**2 - 6*j - 4. Determine k(z).
-7
Let b(p) = -2*p**2 + 2*p - 1. Let o = -488 + 489. What is b(o)?
-1
Suppose 4*f = -20*f - 192. Let j(b) = b**3 + 7*b**2 - 11*b - 4. Determine j(f).
20
Let v(o) = o**3 + 4*o**2 - o - 2. Let t be (-3)/(-4) + (-91)/(-28). Suppose -h + 0 = -3*s + t, -s = 2*h + 8. Suppose s = -4*x - 10 - 6. What is v(x)?
2
Let f(g) = 5*g - 3. Let t = -199 + 64. Let a be -6*5/t*9. Determine f(a).
7
Let y be 28/16 + 2/8. Let o(i) = 8*i - 2*i + 4*i - y*i - 1. Let t = 32 + -31. Determine o(t).
7
Let d(v) = -v**3 + 8*v**2 + 8*v + 12. Suppose 0 = 28*k - 364 + 112. Determine d(k).
3
Suppose -3*l - 4*c - 16 = l, -4*l + 4*c = -24. Let f(m) = -5*m + 6*m - 2 + l + 2. Calculate f(-6).
-5
Let u be -9*((-1)/3 + 0). Suppose 3*g - 8 = 5*x, g - 2*x + 0 = u. Let l(m) = -2*m**2 - 2*m + 1. Calculate l(g).
-3
Let f(a) = -a**2 - 17*a + 60. Let q be f(-20). Let u(z) = -4*z**2 - z + 11. Let j(d) = -9*d**2 - 2*d + 23. Let n(l) = 3*j(l) - 7*u(l). What is n(q)?
-8
Suppose 0 = -5*l - 5, -21*l - 2 = -2*i - 25*l. Let d(j) = -4*j + 7. What is d(i)?
-5
Let a(i) = -i**3 + 8*i**2 - i + 11. Let s = -366 - -374. Determine a(s).
3
Suppose 3*t + a = -12, 0 = -2*t + 3*a + 7 - 26. Let v(x) = -2*x**2 + x**2 + 24291*x - 5 - 24298*x. What is v(t)?
5
Let y(x) = -3*x + 1. Let l(u) = 18*u - 9. Let t(d) = -l(d) - 9*y(d). What is t(2)?
18
Let s(d) = -6*d**3 + 11*d**2 + 9*d + 8. Let b(q) = 12*q**3 - 25*q**2 - 21*q - 19. Let z(u) = -3*b(u) - 7*s(u). Suppose -5*y + 1 = 6. What is z(y)?
-7
Let g(i) = 24*i + 19. Let o(q) = 72*q + 54. Let n(h) = 17*g(h) - 6*o(h). Determine n(1).
-25
Let z(w) = w**3 - 3*w**2 + w + 1. Suppose -2*u + 273 = 1. Let f = u + -134. Calculate z(f).
-1
Let y(l) be the first derivative of l**4/4 - 5*l**3/3 + 3*l**2/2 + 2*l - 4. Let p be 5/4 + (-3)/12. Let t = p - -3. Give y(t).
-2
Let u(a) = 3*a + 4*a - 19 - 10*a + 9 + 4. Determine u(-4).
6
Let a(s) = -3*s. Suppose -h - 9 = -19. Suppose 0 = 4*q - q - 39. Suppose -q*y = -h*y + 6. Give a(y).
6
Let u = 18 - 16. Let t(b) = -b**2 - 21 + u*b**2 - 4*b - 22 + 41. What is t(4)?
-2
Let i(j) = j**2 - 81 + 102 - 7*j - 22. Suppose 4*c = q - 26, 2*q = -2*q - 4*c + 4. Determine i(q).
-7
Let q(b) = -2*b**2 + 5*b - 10. Let d(o) = -o**2 + 2*o - 5. Let y(v) = -7*d(v) + 4*q(v). Let n be (-8)/(-4) + -1 + 0 + 3. Calculate y(n).
3
Suppose 0 = -2*g - 11 - 1. Let k be (g - (-1 - 2)) + 6. Let m(c) = 2*c + 2. What is m(k)?
8
Let c(b) = -b**2 - 6*b - 7. Let m be c(-5). Suppose -2*r - 8 = 2. Let a(y) = y + 1. Let t(x) = 2*x + 2. Let v(o) = r*a(o) + 3*t(o). Give v(m).
-1
Let n(p) = p - 10. Suppose d + 5*t = -21, -15 = 3*d + 3*t - 4*t. Give n(d).
-16
Suppose 0 = 3*n - 15, 0 = -a + 6*a - 3*n - 55. Let x = a - 26. Let r = x + 6. Let o(d) = -d**2 - 7*d - 9. Give o(r).
-3
Let c(o) = -o**3 + 3*o**2 + 3*o - 1. Suppose 4 = 75*f - 74*f. Calculate c(f).
-5
Let k(x) = x**3 + 5*x**2 - 6*x + 2. Let q(n) be the third derivative of 5*n**4/24 + 7*n**3/3 - n**2. Let r be q(-4). Give k(r).
2
Let t be (10 + -13)*(-4)/18. Let p(c) be the third derivative of t*c**3 + 1/120*c**6 - c**2 + 0 + 0*c - 1/4*c**4 - 1/12*c**5. Give p(6).
4
Let t(o) = -11*o**3 + 10*o**3 + 27*o**2 + 0*o**3 + 23*o - 23 - 6*o**2. Give t(22).
-1
Let q(g) = -g**2 - 14*g + 122. Let i be q(-20). Let r(c) = 2*c**2 - 2*c - 4 + c**3 + 2 - 3*c**2 + c. Calculate r(i).
0
Let x(s) = 2*s + 36. Let j be x(-19). Let g(u) = -u**3 - 2*u**2 + 3*u + 3. Let n be g(j). Let y(o) = o**3 + 4*o**2. Give y(n).
9
Suppose 10 = 5*c - 10. Let n(z) = 3 + c*z - 4*z + 0 - z. Give n(-3).
6
Let c = 7 - 4. Let p(l) = 11*l - l + 5*l + c*l. Give p(-1).
-18
Let t(h) = -4*h**2 - 64*h - 17. Let z(o) = 2*o**2 + 29*o + 8. Let l(s) = 4*t(s) + 9*z(s). Calculate l(-3).
7
Let i(p) be the first derivative of -p**4/12 - 3*p**3/2 - p**2 - 4*p + 26. Let r(c) be the first derivative of i(c). Give r(-8).
6
Let h(y) be the third derivative of y**4/24 + 3*y**2 + 3*y. Determine h(4).
4
Let q(p) = 2*p**3 - 7*p**2 - 9*p - 6. Let f(b) = -b**3 + 2. Let u(l) = 3*f(l) + q(l). Give u(-6).
18
Let u be 70/30 - (-3)/(-9). Suppose 0 = 4*i - u*d + d + 16, 5*d - 29 = 3*i. Let v(r) = 2*r**2 + 2*r - 2. Calculate v(i).
10
Let t(b) = 2*b**2 - 2*b**2 - 3*b + 1 + b**2. Let f(d) = -d**3 + 20*d**2 - 35*d - 15. Let z be f(18). Suppose 5*r = h + 12, -4*r + 1 + 20 = z*h. Determine t(r).
1
Let q(k) be the second derivative of -k**3/6 - k**2/2 - k. Let v be 132/28 + (-2)/(-7). Suppose h = v*h + 2*h. Calculate q(h).
-1
Let t(p) be the first derivative of -p**3/3 - p**2 - 2*p - 374. Give t(-1).
-1
Let s(k) be the third derivative of k**6/120 - k**5/12 + k**4/8 + 2*k**3/3 - 